{"id":216,"date":"2023-03-01T09:23:35","date_gmt":"2023-03-01T08:23:35","guid":{"rendered":"http:\/\/paysdesabbayes.com\/?page_id=216"},"modified":"2023-09-08T15:49:19","modified_gmt":"2023-09-08T13:49:19","slug":"le-textile","status":"publish","type":"page","link":"http:\/\/paysdesabbayes.com\/?page_id=216","title":{"rendered":"Le textile"},"content":{"rendered":"\t\t<div data-elementor-type=\"wp-page\" data-elementor-id=\"216\" class=\"elementor elementor-216\">\n\t\t\t\t\t\t\t\t\t<section class=\"elementor-section elementor-top-section elementor-element elementor-element-72c3d835 elementor-section-full_width elementor-section-height-default elementor-section-height-default\" data-id=\"72c3d835\" data-element_type=\"section\">\n\t\t\t\t\t\t<div class=\"elementor-container elementor-column-gap-no\">\n\t\t\t\t\t<div class=\"elementor-column elementor-col-100 elementor-top-column elementor-element elementor-element-6d7ee737\" data-id=\"6d7ee737\" data-element_type=\"column\">\n\t\t\t<div class=\"elementor-widget-wrap elementor-element-populated\">\n\t\t\t\t\t\t\t\t<div class=\"elementor-element elementor-element-61b12e17 elementor-widget elementor-widget-heading\" data-id=\"61b12e17\" data-element_type=\"widget\" data-widget_type=\"heading.default\">\n\t\t\t\t<div class=\"elementor-widget-container\">\n\t\t\t<style>\/*! elementor - v3.11.2 - 22-02-2023 *\/\n.elementor-heading-title{padding:0;margin:0;line-height:1}.elementor-widget-heading .elementor-heading-title[class*=elementor-size-]>a{color:inherit;font-size:inherit;line-height:inherit}.elementor-widget-heading .elementor-heading-title.elementor-size-small{font-size:15px}.elementor-widget-heading .elementor-heading-title.elementor-size-medium{font-size:19px}.elementor-widget-heading .elementor-heading-title.elementor-size-large{font-size:29px}.elementor-widget-heading .elementor-heading-title.elementor-size-xl{font-size:39px}.elementor-widget-heading .elementor-heading-title.elementor-size-xxl{font-size:59px}<\/style><span class=\"elementor-heading-title elementor-size-default\">L'industrie textile<\/span>\t\t<\/div>\n\t\t\t\t<\/div>\n\t\t\t\t<div class=\"elementor-element elementor-element-42b21b01 elementor-widget elementor-widget-text-editor\" data-id=\"42b21b01\" data-element_type=\"widget\" data-widget_type=\"text-editor.default\">\n\t\t\t\t<div class=\"elementor-widget-container\">\n\t\t\t<style>\/*! elementor - v3.11.2 - 22-02-2023 *\/\n.elementor-widget-text-editor.elementor-drop-cap-view-stacked .elementor-drop-cap{background-color:#818a91;color:#fff}.elementor-widget-text-editor.elementor-drop-cap-view-framed .elementor-drop-cap{color:#818a91;border:3px solid;background-color:transparent}.elementor-widget-text-editor:not(.elementor-drop-cap-view-default) .elementor-drop-cap{margin-top:8px}.elementor-widget-text-editor:not(.elementor-drop-cap-view-default) .elementor-drop-cap-letter{width:1em;height:1em}.elementor-widget-text-editor .elementor-drop-cap{float:left;text-align:center;line-height:1;font-size:50px}.elementor-widget-text-editor .elementor-drop-cap-letter{display:inline-block}<\/style>\t\t\t\t<p>D\u00e8s le XVI\u00e8me si\u00e8cle filer et tisser est une activit\u00e9 d\u2019hiver dans les fermes. Quand la r\u00e9volution fran\u00e7aise va vider les abbayes, arr\u00eater tous les moulins sur les cours d\u2019eau, quelques entrepreneurs hardis vont reprendre \u00e0 leur compte ce savoir-faire et cette \u00e9nergie. Ces \u00ab start-up \u00bb de l\u2019\u00e9poque s\u2019installent dans les locaux vides. Elles vont b\u00e9n\u00e9ficier au cours des deux si\u00e8cles suivants de capitaux lorrains d\u2019abord (Marmod, Heywood, Seilli\u00e8re) puis alsaciens (Lung, Laederich), nationaux (Boussac) et internationaux (Dim, Peaudouce) pour devenir de grandes entreprises. &lt;\/p&gt;&lt;p&gt;Elles vont marquer le territoire par des constructions : usines le long de tous les cours d\u2019eau, cit\u00e9s d\u2019ouvriers, belles maisons des cadres, ch\u00e2teaux des manufacturiers et aussi routes et voies ferr\u00e9es. Elles vont aussi marquer les gens en introduisant rapidement un syst\u00e8me social efficace : le paternalisme qui fixera l\u2019ouvrier et emp\u00eachera toute revendication.&lt;\/p&gt;&lt;p&gt;Mais d\u00e8s 1960, prise entre la concurrence des pays \u00e0 bas salaires et celle des pays \u00e0 forte productivit\u00e9, cette industrie d\u00e9clinera rapidement :la derni\u00e8re usine textile fermera en 1997, un tiers de la population cherchera du travail ailleurs.<\/p>\t\t\t\t\t\t<\/div>\n\t\t\t\t<\/div>\n\t\t\t\t\t<\/div>\n\t\t<\/div>\n\t\t\t\t\t\t\t<\/div>\n\t\t<\/section>\n\t\t\t\t\t\t\t<\/div>\n\t\t","protected":false},"excerpt":{"rendered":"<p>L&rsquo;industrie textile D\u00e8s le XVI\u00e8me si\u00e8cle filer et tisser est une activit\u00e9 d\u2019hiver dans les fermes. Quand la r\u00e9volution fran\u00e7aise va vider les abbayes, arr\u00eater tous les moulins sur les cours d\u2019eau, quelques entrepreneurs hardis vont reprendre \u00e0 leur compte ce savoir-faire et cette \u00e9nergie. Ces \u00ab start-up \u00bb de l\u2019\u00e9poque s\u2019installent dans les locaux [&hellip;]<\/p>\n","protected":false},"author":1,"featured_media":0,"parent":0,"menu_order":0,"comment_status":"closed","ping_status":"closed","template":"","meta":{"footnotes":""},"class_list":["post-216","page","type-page","status-publish","hentry"],"_links":{"self":[{"href":"http:\/\/paysdesabbayes.com\/index.php?rest_route=\/wp\/v2\/pages\/216","targetHints":{"allow":["GET"]}}],"collection":[{"href":"http:\/\/paysdesabbayes.com\/index.php?rest_route=\/wp\/v2\/pages"}],"about":[{"href":"http:\/\/paysdesabbayes.com\/index.php?rest_route=\/wp\/v2\/types\/page"}],"author":[{"embeddable":true,"href":"http:\/\/paysdesabbayes.com\/index.php?rest_route=\/wp\/v2\/users\/1"}],"replies":[{"embeddable":true,"href":"http:\/\/paysdesabbayes.com\/index.php?rest_route=%2Fwp%2Fv2%2Fcomments&post=216"}],"version-history":[{"count":4,"href":"http:\/\/paysdesabbayes.com\/index.php?rest_route=\/wp\/v2\/pages\/216\/revisions"}],"predecessor-version":[{"id":1002,"href":"http:\/\/paysdesabbayes.com\/index.php?rest_route=\/wp\/v2\/pages\/216\/revisions\/1002"}],"wp:attachment":[{"href":"http:\/\/paysdesabbayes.com\/index.php?rest_route=%2Fwp%2Fv2%2Fmedia&parent=216"}],"curies":[{"name":"wp","href":"https:\/\/api.w.org\/{rel}","templated":true}]}}