{"id":192,"date":"2023-03-01T09:20:22","date_gmt":"2023-03-01T08:20:22","guid":{"rendered":"http:\/\/paysdesabbayes.com\/?page_id=192"},"modified":"2023-03-29T14:18:53","modified_gmt":"2023-03-29T12:18:53","slug":"histoire-de-labbaye-de-senones","status":"publish","type":"page","link":"http:\/\/paysdesabbayes.com\/?page_id=192","title":{"rendered":"Histoire de l&rsquo;abbaye de Senones"},"content":{"rendered":"\t\t<div data-elementor-type=\"wp-page\" data-elementor-id=\"192\" class=\"elementor elementor-192\">\n\t\t\t\t\t\t\t\t\t<section class=\"elementor-section elementor-top-section elementor-element elementor-element-652cfc09 elementor-section-full_width elementor-section-height-default elementor-section-height-default\" data-id=\"652cfc09\" data-element_type=\"section\">\n\t\t\t\t\t\t<div class=\"elementor-container elementor-column-gap-no\">\n\t\t\t\t\t<div class=\"elementor-column elementor-col-100 elementor-top-column elementor-element elementor-element-526fd280\" data-id=\"526fd280\" data-element_type=\"column\">\n\t\t\t<div class=\"elementor-widget-wrap elementor-element-populated\">\n\t\t\t\t\t\t\t\t<div class=\"elementor-element elementor-element-1d50c84c elementor-widget elementor-widget-heading\" data-id=\"1d50c84c\" data-element_type=\"widget\" data-widget_type=\"heading.default\">\n\t\t\t\t<div class=\"elementor-widget-container\">\n\t\t\t<style>\/*! elementor - v3.11.2 - 22-02-2023 *\/\n.elementor-heading-title{padding:0;margin:0;line-height:1}.elementor-widget-heading .elementor-heading-title[class*=elementor-size-]>a{color:inherit;font-size:inherit;line-height:inherit}.elementor-widget-heading .elementor-heading-title.elementor-size-small{font-size:15px}.elementor-widget-heading .elementor-heading-title.elementor-size-medium{font-size:19px}.elementor-widget-heading .elementor-heading-title.elementor-size-large{font-size:29px}.elementor-widget-heading .elementor-heading-title.elementor-size-xl{font-size:39px}.elementor-widget-heading .elementor-heading-title.elementor-size-xxl{font-size:59px}<\/style><span class=\"elementor-heading-title elementor-size-default\">Histoire de l'abbaye de Senones<\/span>\t\t<\/div>\n\t\t\t\t<\/div>\n\t\t\t\t<div class=\"elementor-element elementor-element-672ce310 elementor-widget elementor-widget-text-editor\" data-id=\"672ce310\" data-element_type=\"widget\" data-widget_type=\"text-editor.default\">\n\t\t\t\t<div class=\"elementor-widget-container\">\n\t\t\t<style>\/*! elementor - v3.11.2 - 22-02-2023 *\/\n.elementor-widget-text-editor.elementor-drop-cap-view-stacked .elementor-drop-cap{background-color:#818a91;color:#fff}.elementor-widget-text-editor.elementor-drop-cap-view-framed .elementor-drop-cap{color:#818a91;border:3px solid;background-color:transparent}.elementor-widget-text-editor:not(.elementor-drop-cap-view-default) .elementor-drop-cap{margin-top:8px}.elementor-widget-text-editor:not(.elementor-drop-cap-view-default) .elementor-drop-cap-letter{width:1em;height:1em}.elementor-widget-text-editor .elementor-drop-cap{float:left;text-align:center;line-height:1;font-size:50px}.elementor-widget-text-editor .elementor-drop-cap-letter{display:inline-block}<\/style>\t\t\t\t<p>Fond\u00e9e en 640, l&rsquo;abbaye va tr\u00e8s vite s&rsquo;enrichir, gr\u00e2ce aux terres qui l&rsquo;entourent. L&rsquo;arriv\u00e9e des comtes de Salm comme vou\u00e9s (protecteurs) de l&rsquo;abbaye donne naissance \u00e0 une longue s\u00e9rie de conflits avec les abb\u00e9s qui leur reprochent de s&rsquo;approprier les biens du monast\u00e8re plut\u00f4t que de le d\u00e9fendre ! En 1571, les comtes de Salm prennent de force une grande partie des terres de l&rsquo;abbaye.<\/p><p><span style=\"color: var( --e-global-color-text ); font-family: var( --e-global-typography-text-font-family ), Sans-serif; font-size: var( --e-global-typography-text-font-size ); font-style: var( --e-global-typography-text-font-style ); font-weight: var( --e-global-typography-text-font-weight ); letter-spacing: var( --e-global-typography-text-letter-spacing ); text-transform: var( --e-global-typography-text-text-transform );\">Au cours du moyen-\u00e2ge, des personnages et des \u00e9v\u00e8nements marquants participent au rayonnement de Senones. Apr\u00e8s une p\u00e9riode de d\u00e9cadence, l&rsquo;abbaye connait un nouvel \u00e9lan avec l&rsquo;adh\u00e9sion \u00e0 la congr\u00e9gation Saint-Vanne-Saint-Hydulphe. Le monast\u00e8re r\u00e9ussit \u00e0 accro\u00eetre rayonnement et sa richesse.<\/span><\/p><p><span style=\"color: var( --e-global-color-text ); font-family: var( --e-global-typography-text-font-family ), Sans-serif; font-size: var( --e-global-typography-text-font-size ); font-style: var( --e-global-typography-text-font-style ); font-weight: var( --e-global-typography-text-font-weight ); letter-spacing: var( --e-global-typography-text-letter-spacing ); text-transform: var( --e-global-typography-text-text-transform );\">Preuve en est donn\u00e9e par les embellissements et agrandissements du monast\u00e8re. L&rsquo;abbatiat de dom Calmet marquera d\u00e9finitivement la vie de l&rsquo;abbaye. Par son \u00e9rudition et ses \u00e9crits il attire les \u00e9crivains et philosophe d&rsquo;Europe enti\u00e8re. Il enrichit consid\u00e9rablement la biblioth\u00e8que, pour laquelle Voltaire \u00ab\u00a0se fera moine\u00a0\u00bb pendant pr\u00e8s d&rsquo;un mois.<\/span> <\/p><p>\u00a0<\/p><p>L&rsquo;INDUSTRIE TEXTILE<\/p><p>A la r\u00e9volution Fran\u00e7aise, les biens de l&rsquo;\u00e9glise sont vendus comme biens nationaux, et c&rsquo;est ainsi que les b\u00e2timents de la prestigieuse abbaye sont reconvertis en usines textiles. Le monast\u00e8re se vide d\u00e9finitivement de ses pri\u00e8res mais le bruit des nouvelles machines \u00e0 filer le coton laisse augurer d&rsquo;une toute nouvelle puissance ; pendant deux si\u00e8cles, apr\u00e8s celui des abb\u00e9s et des Princes de Salm, vient le temps des ma\u00eetres du textile Boussac, Seilli\u00e8re, Laederich&#8230;<\/p><p>Aujourd&rsquo;hui, l&rsquo;abbaye se r\u00e9nove au gr\u00e9 des moyens financiers de la r\u00e9gion et se d\u00e9voile aux visiteurs curieux&#8230;<\/p>\t\t\t\t\t\t<\/div>\n\t\t\t\t<\/div>\n\t\t\t\t<div class=\"elementor-element elementor-element-3f2ef74 elementor-invisible elementor-widget elementor-widget-button\" data-id=\"3f2ef74\" data-element_type=\"widget\" data-settings=\"{&quot;_animation&quot;:&quot;fadeInDown&quot;}\" data-widget_type=\"button.default\">\n\t\t\t\t<div class=\"elementor-widget-container\">\n\t\t\t\t\t<div class=\"elementor-button-wrapper\">\n\t\t\t<a href=\"https:\/\/drive.google.com\/file\/d\/1h6Nkit3gHD6sLoePnIvhkvQQnHNGm2sI\/view?usp=sharing\" class=\"elementor-button-link elementor-button elementor-size-md\" role=\"button\">\n\t\t\t\t\t\t<span class=\"elementor-button-content-wrapper\">\n\t\t\t\t\t\t<span class=\"elementor-button-text\">En savoir plus<\/span>\n\t\t<\/span>\n\t\t\t\t\t<\/a>\n\t\t<\/div>\n\t\t\t\t<\/div>\n\t\t\t\t<\/div>\n\t\t\t\t\t<\/div>\n\t\t<\/div>\n\t\t\t\t\t\t\t<\/div>\n\t\t<\/section>\n\t\t\t\t\t\t\t<\/div>\n\t\t","protected":false},"excerpt":{"rendered":"<p>Histoire de l&rsquo;abbaye de Senones Fond\u00e9e en 640, l&rsquo;abbaye va tr\u00e8s vite s&rsquo;enrichir, gr\u00e2ce aux terres qui l&rsquo;entourent. L&rsquo;arriv\u00e9e des comtes de Salm comme vou\u00e9s (protecteurs) de l&rsquo;abbaye donne naissance \u00e0 une longue s\u00e9rie de conflits avec les abb\u00e9s qui leur reprochent de s&rsquo;approprier les biens du monast\u00e8re plut\u00f4t que de le d\u00e9fendre ! En [&hellip;]<\/p>\n","protected":false},"author":1,"featured_media":0,"parent":0,"menu_order":0,"comment_status":"closed","ping_status":"closed","template":"","meta":{"footnotes":""},"class_list":["post-192","page","type-page","status-publish","hentry"],"_links":{"self":[{"href":"http:\/\/paysdesabbayes.com\/index.php?rest_route=\/wp\/v2\/pages\/192","targetHints":{"allow":["GET"]}}],"collection":[{"href":"http:\/\/paysdesabbayes.com\/index.php?rest_route=\/wp\/v2\/pages"}],"about":[{"href":"http:\/\/paysdesabbayes.com\/index.php?rest_route=\/wp\/v2\/types\/page"}],"author":[{"embeddable":true,"href":"http:\/\/paysdesabbayes.com\/index.php?rest_route=\/wp\/v2\/users\/1"}],"replies":[{"embeddable":true,"href":"http:\/\/paysdesabbayes.com\/index.php?rest_route=%2Fwp%2Fv2%2Fcomments&post=192"}],"version-history":[{"count":7,"href":"http:\/\/paysdesabbayes.com\/index.php?rest_route=\/wp\/v2\/pages\/192\/revisions"}],"predecessor-version":[{"id":568,"href":"http:\/\/paysdesabbayes.com\/index.php?rest_route=\/wp\/v2\/pages\/192\/revisions\/568"}],"wp:attachment":[{"href":"http:\/\/paysdesabbayes.com\/index.php?rest_route=%2Fwp%2Fv2%2Fmedia&parent=192"}],"curies":[{"name":"wp","href":"https:\/\/api.w.org\/{rel}","templated":true}]}}

<div data-elementor-type="wp-page" data-elementor-id="192" class="elementor elementor-192">
									<section class="elementor-section elementor-top-section elementor-element elementor-element-652cfc09 elementor-section-full_width elementor-section-height-default elementor-section-height-default" data-id="652cfc09" data-element_type="section">
						<div class="elementor-container elementor-column-gap-no">
					<div class="elementor-column elementor-col-100 elementor-top-column elementor-element elementor-element-526fd280" data-id="526fd280" data-element_type="column">
			<div class="elementor-widget-wrap elementor-element-populated">
								<div class="elementor-element elementor-element-1d50c84c elementor-widget elementor-widget-heading" data-id="1d50c84c" data-element_type="widget" data-widget_type="heading.default">
				<div class="elementor-widget-container">
			<style>/*! elementor - v3.11.2 - 22-02-2023 */
.elementor-heading-title{padding:0;margin:0;line-height:1}.elementor-widget-heading .elementor-heading-title[class*=elementor-size-]>a{color:inherit;font-size:inherit;line-height:inherit}.elementor-widget-heading .elementor-heading-title.elementor-size-small{font-size:15px}.elementor-widget-heading .elementor-heading-title.elementor-size-medium{font-size:19px}.elementor-widget-heading .elementor-heading-title.elementor-size-large{font-size:29px}.elementor-widget-heading .elementor-heading-title.elementor-size-xl{font-size:39px}.elementor-widget-heading .elementor-heading-title.elementor-size-xxl{font-size:59px}</style><span class="elementor-heading-title elementor-size-default">Histoire de l'abbaye de Senones</span>		</div>
				</div>
				<div class="elementor-element elementor-element-672ce310 elementor-widget elementor-widget-text-editor" data-id="672ce310" data-element_type="widget" data-widget_type="text-editor.default">
				<div class="elementor-widget-container">
			<style>/*! elementor - v3.11.2 - 22-02-2023 */
.elementor-widget-text-editor.elementor-drop-cap-view-stacked .elementor-drop-cap{background-color:#818a91;color:#fff}.elementor-widget-text-editor.elementor-drop-cap-view-framed .elementor-drop-cap{color:#818a91;border:3px solid;background-color:transparent}.elementor-widget-text-editor:not(.elementor-drop-cap-view-default) .elementor-drop-cap{margin-top:8px}.elementor-widget-text-editor:not(.elementor-drop-cap-view-default) .elementor-drop-cap-letter{width:1em;height:1em}.elementor-widget-text-editor .elementor-drop-cap{float:left;text-align:center;line-height:1;font-size:50px}.elementor-widget-text-editor .elementor-drop-cap-letter{display:inline-block}</style>				<p>Fondée en 640, l&rsquo;abbaye va très vite s&rsquo;enrichir, grâce aux terres qui l&rsquo;entourent. L&rsquo;arrivée des comtes de Salm comme voués (protecteurs) de l&rsquo;abbaye donne naissance à une longue série de conflits avec les abbés qui leur reprochent de s&rsquo;approprier les biens du monastère plutôt que de le défendre ! En 1571, les comtes de Salm prennent de force une grande partie des terres de l&rsquo;abbaye.</p><p><span style="color: var( --e-global-color-text ); font-family: var( --e-global-typography-text-font-family ), Sans-serif; font-size: var( --e-global-typography-text-font-size ); font-style: var( --e-global-typography-text-font-style ); font-weight: var( --e-global-typography-text-font-weight ); letter-spacing: var( --e-global-typography-text-letter-spacing ); text-transform: var( --e-global-typography-text-text-transform );">Au cours du moyen-âge, des personnages et des évènements marquants participent au rayonnement de Senones. Après une période de décadence, l&rsquo;abbaye connait un nouvel élan avec l&rsquo;adhésion à la congrégation Saint-Vanne-Saint-Hydulphe. Le monastère réussit à accroître rayonnement et sa richesse.</span></p><p><span style="color: var( --e-global-color-text ); font-family: var( --e-global-typography-text-font-family ), Sans-serif; font-size: var( --e-global-typography-text-font-size ); font-style: var( --e-global-typography-text-font-style ); font-weight: var( --e-global-typography-text-font-weight ); letter-spacing: var( --e-global-typography-text-letter-spacing ); text-transform: var( --e-global-typography-text-text-transform );">Preuve en est donnée par les embellissements et agrandissements du monastère. L&rsquo;abbatiat de dom Calmet marquera définitivement la vie de l&rsquo;abbaye. Par son érudition et ses écrits il attire les écrivains et philosophe d&rsquo;Europe entière. Il enrichit considérablement la bibliothèque, pour laquelle Voltaire « se fera moine » pendant près d&rsquo;un mois.</span> </p><p> </p><p>L&rsquo;INDUSTRIE TEXTILE</p><p>A la révolution Française, les biens de l&rsquo;église sont vendus comme biens nationaux, et c&rsquo;est ainsi que les bâtiments de la prestigieuse abbaye sont reconvertis en usines textiles. Le monastère se vide définitivement de ses prières mais le bruit des nouvelles machines à filer le coton laisse augurer d&rsquo;une toute nouvelle puissance ; pendant deux siècles, après celui des abbés et des Princes de Salm, vient le temps des maîtres du textile Boussac, Seillière, Laederich&#8230;</p><p>Aujourd&rsquo;hui, l&rsquo;abbaye se rénove au gré des moyens financiers de la région et se dévoile aux visiteurs curieux&#8230;</p>						</div>
				</div>
				<div class="elementor-element elementor-element-3f2ef74 elementor-invisible elementor-widget elementor-widget-button" data-id="3f2ef74" data-element_type="widget" data-settings="{&quot;_animation&quot;:&quot;fadeInDown&quot;}" data-widget_type="button.default">
				<div class="elementor-widget-container">
					<div class="elementor-button-wrapper">
			<a href="https://drive.google.com/file/d/1h6Nkit3gHD6sLoePnIvhkvQQnHNGm2sI/view?usp=sharing" class="elementor-button-link elementor-button elementor-size-md" role="button">
						<span class="elementor-button-content-wrapper">
						<span class="elementor-button-text">En savoir plus</span>
		</span>
					</a>
		</div>
				</div>
				</div>
					</div>
		</div>
							</div>
		</section>
							</div>

<p>Histoire de l&rsquo;abbaye de Senones Fondée en 640, l&rsquo;abbaye va très vite s&rsquo;enrichir, grâce aux terres qui l&rsquo;entourent. L&rsquo;arrivée des comtes de Salm comme voués (protecteurs) de l&rsquo;abbaye donne naissance à une longue série de conflits avec les abbés qui leur reprochent de s&rsquo;approprier les biens du monastère plutôt que de le défendre ! En [&hellip;]</p>
