{"id":188,"date":"2023-03-01T09:19:51","date_gmt":"2023-03-01T08:19:51","guid":{"rendered":"http:\/\/paysdesabbayes.com\/?page_id=188"},"modified":"2023-03-29T14:15:40","modified_gmt":"2023-03-29T12:15:40","slug":"histoire-de-labbaye-d-etival","status":"publish","type":"page","link":"http:\/\/paysdesabbayes.com\/?page_id=188","title":{"rendered":"histoire de l&rsquo;abbaye d&rsquo; \u00c9tival"},"content":{"rendered":"\t\t<div data-elementor-type=\"wp-page\" data-elementor-id=\"188\" class=\"elementor elementor-188\">\n\t\t\t\t\t\t\t\t\t<section class=\"elementor-section elementor-top-section elementor-element elementor-element-515ae343 elementor-section-full_width elementor-section-height-default elementor-section-height-default\" data-id=\"515ae343\" data-element_type=\"section\">\n\t\t\t\t\t\t<div class=\"elementor-container elementor-column-gap-no\">\n\t\t\t\t\t<div class=\"elementor-column elementor-col-100 elementor-top-column elementor-element elementor-element-527f187c\" data-id=\"527f187c\" data-element_type=\"column\">\n\t\t\t<div class=\"elementor-widget-wrap elementor-element-populated\">\n\t\t\t\t\t\t\t\t<div class=\"elementor-element elementor-element-3f636471 elementor-widget elementor-widget-heading\" data-id=\"3f636471\" data-element_type=\"widget\" data-widget_type=\"heading.default\">\n\t\t\t\t<div class=\"elementor-widget-container\">\n\t\t\t<style>\/*! elementor - v3.11.2 - 22-02-2023 *\/\n.elementor-heading-title{padding:0;margin:0;line-height:1}.elementor-widget-heading .elementor-heading-title[class*=elementor-size-]>a{color:inherit;font-size:inherit;line-height:inherit}.elementor-widget-heading .elementor-heading-title.elementor-size-small{font-size:15px}.elementor-widget-heading .elementor-heading-title.elementor-size-medium{font-size:19px}.elementor-widget-heading .elementor-heading-title.elementor-size-large{font-size:29px}.elementor-widget-heading .elementor-heading-title.elementor-size-xl{font-size:39px}.elementor-widget-heading .elementor-heading-title.elementor-size-xxl{font-size:59px}<\/style><span class=\"elementor-heading-title elementor-size-default\">Histoire de l'abbaye d'\u00c9tival<\/span>\t\t<\/div>\n\t\t\t\t<\/div>\n\t\t\t\t<div class=\"elementor-element elementor-element-40140809 elementor-widget elementor-widget-text-editor\" data-id=\"40140809\" data-element_type=\"widget\" data-widget_type=\"text-editor.default\">\n\t\t\t\t<div class=\"elementor-widget-container\">\n\t\t\t<style>\/*! elementor - v3.11.2 - 22-02-2023 *\/\n.elementor-widget-text-editor.elementor-drop-cap-view-stacked .elementor-drop-cap{background-color:#818a91;color:#fff}.elementor-widget-text-editor.elementor-drop-cap-view-framed .elementor-drop-cap{color:#818a91;border:3px solid;background-color:transparent}.elementor-widget-text-editor:not(.elementor-drop-cap-view-default) .elementor-drop-cap{margin-top:8px}.elementor-widget-text-editor:not(.elementor-drop-cap-view-default) .elementor-drop-cap-letter{width:1em;height:1em}.elementor-widget-text-editor .elementor-drop-cap{float:left;text-align:center;line-height:1;font-size:50px}.elementor-widget-text-editor .elementor-drop-cap-letter{display:inline-block}<\/style>\t\t\t\t\t\t\t\t\t\t<\/div>\n\t\t\t\t<\/div>\n\t\t\t\t<div class=\"elementor-element elementor-element-282af3e elementor-widget elementor-widget-heading\" data-id=\"282af3e\" data-element_type=\"widget\" data-widget_type=\"heading.default\">\n\t\t\t\t<div class=\"elementor-widget-container\">\n\t\t\t<h2 class=\"elementor-heading-title elementor-size-default\">\u00c9tival, abbaye de Saintes et du papier<\/h2>\t\t<\/div>\n\t\t\t\t<\/div>\n\t\t\t\t\t<\/div>\n\t\t<\/div>\n\t\t\t\t\t\t\t<\/div>\n\t\t<\/section>\n\t\t\t\t<section class=\"elementor-section elementor-top-section elementor-element elementor-element-5e393d26 elementor-section-full_width elementor-section-height-default elementor-section-height-default\" data-id=\"5e393d26\" data-element_type=\"section\">\n\t\t\t\t\t\t<div class=\"elementor-container elementor-column-gap-no\">\n\t\t\t\t\t<div class=\"elementor-column elementor-col-100 elementor-top-column elementor-element elementor-element-66d26cc5\" data-id=\"66d26cc5\" data-element_type=\"column\">\n\t\t\t<div class=\"elementor-widget-wrap elementor-element-populated\">\n\t\t\t\t\t\t\t\t<div class=\"elementor-element elementor-element-70f6ba5f elementor-widget elementor-widget-text-editor\" data-id=\"70f6ba5f\" data-element_type=\"widget\" data-widget_type=\"text-editor.default\">\n\t\t\t\t<div class=\"elementor-widget-container\">\n\t\t\t\t\t\t\t<p>Sainte Odile et sainte Richarde l&rsquo;ont marqu\u00e9e de leurs empreintes, les Pr\u00e9montr\u00e9s y ont install\u00e9 le papier et ont construit une des plus belles \u00e9glises romanes des Vosges.<\/p><p>Porte d\u2019entr\u00e9e du Pays des Abbayes, Etival est la plus ancienne des cinq abbayes de la croix monastique de Lorraine. Selon certains auteurs, ce couvent aurait accueilli sainte Odile avant qu\u2019elle ne retrouve la vue et fonde le monast\u00e8re de Hohenbourg en Alsace. Il a aussi \u00e9t\u00e9 le refuge de sainte Richarde, \u00e9pouse r\u00e9pudi\u00e9e de Charles le Gros. Elle y fit son noviciat et participa \u00e0 l\u2019installation de 13 chanoines.\u00a0<\/p><p>Mais les invasions hongroises de 915 mettent fin \u00e0 l\u2019\u00e9pop\u00e9e de ce \u00ab noble \u00bb monast\u00e8re. Les moines stivaliens sont envoy\u00e9s \u00e0 Autrey mais de nouveaux moines de l\u2019ordre des Pr\u00e9montr\u00e9s arrivent et se chargent de reconstruire l\u2019abbaye. C\u2019est gr\u00e2ce \u00e0 cette impulsion qu\u2019apparaitront les premi\u00e8res papeteries, activit\u00e9 qui fait aujourd\u2019hui encore le renom d\u2019Etival.<\/p><p>Longtemps ind\u00e9pendante, le rattachement de l\u2019abbaye \u00e0 plusieurs \u00e9v\u00each\u00e9s successifs la fera sombrer dans l\u2019oubli\u2026 Dynamit\u00e9e en 1944 puis reconstruite, elle est un des joyaux de l\u2019art roman en Lorraine.<\/p>\t\t\t\t\t\t<\/div>\n\t\t\t\t<\/div>\n\t\t\t\t<div class=\"elementor-element elementor-element-c88a395 elementor-invisible elementor-widget elementor-widget-button\" data-id=\"c88a395\" data-element_type=\"widget\" data-settings=\"{&quot;_animation&quot;:&quot;fadeInDown&quot;}\" data-widget_type=\"button.default\">\n\t\t\t\t<div class=\"elementor-widget-container\">\n\t\t\t\t\t<div class=\"elementor-button-wrapper\">\n\t\t\t<a href=\"https:\/\/drive.google.com\/file\/d\/1kiVDLr5rlLKHk9lpBcIq2elsoSiTfY-U\/view?usp=sharing\" class=\"elementor-button-link elementor-button elementor-size-md\" role=\"button\">\n\t\t\t\t\t\t<span class=\"elementor-button-content-wrapper\">\n\t\t\t\t\t\t<span class=\"elementor-button-text\">En savoir plus<\/span>\n\t\t<\/span>\n\t\t\t\t\t<\/a>\n\t\t<\/div>\n\t\t\t\t<\/div>\n\t\t\t\t<\/div>\n\t\t\t\t\t<\/div>\n\t\t<\/div>\n\t\t\t\t\t\t\t<\/div>\n\t\t<\/section>\n\t\t\t\t\t\t\t<\/div>\n\t\t","protected":false},"excerpt":{"rendered":"<p>Histoire de l&rsquo;abbaye d&rsquo;\u00c9tival \u00c9tival, abbaye de Saintes et du papier Sainte Odile et sainte Richarde l&rsquo;ont marqu\u00e9e de leurs empreintes, les Pr\u00e9montr\u00e9s y ont install\u00e9 le papier et ont construit une des plus belles \u00e9glises romanes des Vosges. Porte d\u2019entr\u00e9e du Pays des Abbayes, Etival est la plus ancienne des cinq abbayes de la [&hellip;]<\/p>\n","protected":false},"author":1,"featured_media":0,"parent":0,"menu_order":0,"comment_status":"closed","ping_status":"closed","template":"","meta":{"footnotes":""},"class_list":["post-188","page","type-page","status-publish","hentry"],"_links":{"self":[{"href":"http:\/\/paysdesabbayes.com\/index.php?rest_route=\/wp\/v2\/pages\/188","targetHints":{"allow":["GET"]}}],"collection":[{"href":"http:\/\/paysdesabbayes.com\/index.php?rest_route=\/wp\/v2\/pages"}],"about":[{"href":"http:\/\/paysdesabbayes.com\/index.php?rest_route=\/wp\/v2\/types\/page"}],"author":[{"embeddable":true,"href":"http:\/\/paysdesabbayes.com\/index.php?rest_route=\/wp\/v2\/users\/1"}],"replies":[{"embeddable":true,"href":"http:\/\/paysdesabbayes.com\/index.php?rest_route=%2Fwp%2Fv2%2Fcomments&post=188"}],"version-history":[{"count":13,"href":"http:\/\/paysdesabbayes.com\/index.php?rest_route=\/wp\/v2\/pages\/188\/revisions"}],"predecessor-version":[{"id":558,"href":"http:\/\/paysdesabbayes.com\/index.php?rest_route=\/wp\/v2\/pages\/188\/revisions\/558"}],"wp:attachment":[{"href":"http:\/\/paysdesabbayes.com\/index.php?rest_route=%2Fwp%2Fv2%2Fmedia&parent=188"}],"curies":[{"name":"wp","href":"https:\/\/api.w.org\/{rel}","templated":true}]}}